{"id":281,"date":"2020-09-10T11:28:04","date_gmt":"2020-09-10T11:28:04","guid":{"rendered":"https:\/\/demosites.io\/shop-gb\/?page_id=281"},"modified":"2024-11-17T20:06:15","modified_gmt":"2024-11-17T20:06:15","slug":"about","status":"publish","type":"page","link":"https:\/\/dramstad.art\/nb\/about\/","title":{"rendered":"Om kunstneren"},"content":{"rendered":"<div style=\"height:64px\" aria-hidden=\"true\" class=\"wp-block-spacer\"><\/div>\n\n\n\n<div class=\"wp-block-media-text has-media-on-the-right is-stacked-on-mobile\" style=\"grid-template-columns:auto 48%\"><div class=\"wp-block-media-text__content\">\n<p style=\"font-size:35px\">DAG ARILD DRAMSTAD<\/p>\n\n\n\n<p class=\"has-text-align-center\">Oslo, Norway<\/p>\n<\/div><figure class=\"wp-block-media-text__media\"><img loading=\"lazy\" decoding=\"async\" width=\"779\" height=\"800\" src=\"https:\/\/dramstad.art\/wp-content\/uploads\/2024\/11\/Dag-Arild-Dramstad-e1731873285761.jpeg\" alt=\"Dag Arild Dramstad - Drawing\" class=\"wp-image-1185 size-full\" srcset=\"https:\/\/dramstad.art\/wp-content\/uploads\/2024\/11\/Dag-Arild-Dramstad-e1731873285761.jpeg 779w, https:\/\/dramstad.art\/wp-content\/uploads\/2024\/11\/Dag-Arild-Dramstad-e1731873285761-292x300.jpeg 292w, https:\/\/dramstad.art\/wp-content\/uploads\/2024\/11\/Dag-Arild-Dramstad-e1731873285761-768x789.jpeg 768w, https:\/\/dramstad.art\/wp-content\/uploads\/2024\/11\/Dag-Arild-Dramstad-e1731873285761-12x12.jpeg 12w\" sizes=\"auto, (max-width: 779px) 100vw, 779px\" \/><\/figure><\/div>\n\n\n\n<div style=\"height:64px\" aria-hidden=\"true\" class=\"wp-block-spacer\"><\/div>\n\n\n\n<h2 class=\"wp-block-heading has-medium-font-size\">Dag Arild Dramstad (f. 1973) er en kunstner og utvikler som bor og arbeider i Oslo. Han er skolert i klassisk, figurativ kunst, og er en selvl\u00e6rt utvikler innen programmering og elektronikk. Han arbeider med b\u00e5de mindre tegninger p\u00e5 papir og store malerier p\u00e5 lerret og treplater.<\/h2>\n\n\n\n<div style=\"height:64px\" aria-hidden=\"true\" class=\"wp-block-spacer\"><\/div>\n\n\n\n<div class=\"wp-block-columns alignwide has-background is-layout-flex wp-container-core-columns-is-layout-9d6595d7 wp-block-columns-is-layout-flex\" style=\"background-color:#b5b5b5\">\n<div class=\"wp-block-column is-layout-flow wp-block-column-is-layout-flow\" style=\"flex-basis:36.87%\"><div class=\"wp-block-image\">\n<figure class=\"aligncenter size-large\"><img loading=\"lazy\" decoding=\"async\" width=\"1024\" height=\"771\" src=\"https:\/\/dramstad.art\/wp-content\/uploads\/2022\/05\/Dag-Arild-Dramstad-Gardening-detail-1044x786-1-1024x771.jpg\" alt=\"Dag Arild Dramstad - Gardening (detail)\" class=\"wp-image-403\" srcset=\"https:\/\/dramstad.art\/wp-content\/uploads\/2022\/05\/Dag-Arild-Dramstad-Gardening-detail-1044x786-1-1024x771.jpg 1024w, https:\/\/dramstad.art\/wp-content\/uploads\/2022\/05\/Dag-Arild-Dramstad-Gardening-detail-1044x786-1-600x452.jpg 600w, https:\/\/dramstad.art\/wp-content\/uploads\/2022\/05\/Dag-Arild-Dramstad-Gardening-detail-1044x786-1-300x226.jpg 300w, https:\/\/dramstad.art\/wp-content\/uploads\/2022\/05\/Dag-Arild-Dramstad-Gardening-detail-1044x786-1-768x578.jpg 768w, https:\/\/dramstad.art\/wp-content\/uploads\/2022\/05\/Dag-Arild-Dramstad-Gardening-detail-1044x786-1.jpg 1044w\" sizes=\"auto, (max-width: 1024px) 100vw, 1024px\" \/><\/figure>\n<\/div><\/div>\n\n\n\n<div class=\"wp-block-column is-vertically-aligned-center is-layout-flow wp-block-column-is-layout-flow\" style=\"flex-basis:70%\">\n<h2 class=\"wp-block-heading has-medium-font-size\">Tabl\u00e5<\/h2>\n\n\n\n<div class=\"wp-block-columns is-layout-flex wp-container-core-columns-is-layout-9d6595d7 wp-block-columns-is-layout-flex\">\n<div class=\"wp-block-column is-layout-flow wp-block-column-is-layout-flow\" style=\"flex-basis:100%\">\n<div class=\"wp-block-group\"><div class=\"wp-block-group__inner-container is-layout-flow wp-block-group-is-layout-flow\">\n<div class=\"wp-block-columns is-layout-flex wp-container-core-columns-is-layout-9d6595d7 wp-block-columns-is-layout-flex\">\n<div class=\"wp-block-column is-layout-flow wp-block-column-is-layout-flow\">\n<h2 class=\"wp-block-heading has-medium-font-size\">Figurene og objektene i Dag Arild Dramstads verk fremstiller ofte - i allefall tilsynelatende - en tilstand av ro og balanse. Bildene viser gjerne dagligdagse situasjoner, med vage hentydninger til hva som kan v\u00e6re det essensielle i fremstillingen. Hans malerier antyder mulige - gjerne trivielle - hendelsesforl\u00f8p, som kan gi betrakteren indikasjoner p\u00e5 hvilke elementer som gir best svar p\u00e5 hva scenen viser.  <\/h2>\n<\/div>\n<\/div>\n<\/div><\/div>\n<\/div>\n<\/div>\n<\/div>\n<\/div>\n\n\n\n<div style=\"height:101px\" aria-hidden=\"true\" class=\"wp-block-spacer\"><\/div>\n\n\n\n<blockquote class=\"wp-block-quote is-style-large has-medium-font-size is-layout-flow wp-block-quote-is-layout-flow\">\n<p><em> \"Jeg \u00f8nsker at tilskueren skal oppleve maleriet som en betraktning inn i en delvis skjult historie. Som om man ser p\u00e5 et fotografi som tilfeldigvis har fanget deler av en situasjon, men som er tatt noen sekunder for tidlig eller for sent til \u00e5 tydeliggj\u00f8re hva som foreg\u00e5r. Den umiddelbare forst\u00e5elsen av scenen kan utfordres n\u00e5r tilskueren tar inn det kontekstuelle i det som er utelatt, skjult, eller antydet.\"<\/em>  <\/p>\n<cite>Dag Arild Dramstad<\/cite><\/blockquote>\n\n\n\n<div style=\"height:64px\" aria-hidden=\"true\" class=\"wp-block-spacer\"><\/div>\n\n\n\n<div class=\"wp-block-columns alignwide has-background is-layout-flex wp-container-core-columns-is-layout-9d6595d7 wp-block-columns-is-layout-flex\" style=\"background-color:#b5b5b5\">\n<div class=\"wp-block-column is-layout-flow wp-block-column-is-layout-flow\" style=\"flex-basis:36.87%\"><div class=\"wp-block-image\">\n<figure class=\"aligncenter size-large\"><img loading=\"lazy\" decoding=\"async\" width=\"695\" height=\"1024\" src=\"https:\/\/dramstad.art\/wp-content\/uploads\/2022\/05\/Dag-Arild-Dramstad-The-garden-framing-the-pool-diver-in-red-shorts-detail-700x1032-1-695x1024.jpg\" alt=\"\" class=\"wp-image-400\" srcset=\"https:\/\/dramstad.art\/wp-content\/uploads\/2022\/05\/Dag-Arild-Dramstad-The-garden-framing-the-pool-diver-in-red-shorts-detail-700x1032-1-695x1024.jpg 695w, https:\/\/dramstad.art\/wp-content\/uploads\/2022\/05\/Dag-Arild-Dramstad-The-garden-framing-the-pool-diver-in-red-shorts-detail-700x1032-1-600x885.jpg 600w, https:\/\/dramstad.art\/wp-content\/uploads\/2022\/05\/Dag-Arild-Dramstad-The-garden-framing-the-pool-diver-in-red-shorts-detail-700x1032-1-203x300.jpg 203w, https:\/\/dramstad.art\/wp-content\/uploads\/2022\/05\/Dag-Arild-Dramstad-The-garden-framing-the-pool-diver-in-red-shorts-detail-700x1032-1.jpg 700w\" sizes=\"auto, (max-width: 695px) 100vw, 695px\" \/><\/figure>\n<\/div><\/div>\n\n\n\n<div class=\"wp-block-column is-vertically-aligned-center is-layout-flow wp-block-column-is-layout-flow\" style=\"flex-basis:70%\">\n<h2 class=\"wp-block-heading has-medium-font-size\">Tid-rom<\/h2>\n\n\n\n<div class=\"wp-block-columns is-layout-flex wp-container-core-columns-is-layout-9d6595d7 wp-block-columns-is-layout-flex\">\n<div class=\"wp-block-column is-layout-flow wp-block-column-is-layout-flow\" style=\"flex-basis:100%\">\n<div class=\"wp-block-group\"><div class=\"wp-block-group__inner-container is-layout-flow wp-block-group-is-layout-flow\">\n<div class=\"wp-block-columns is-layout-flex wp-container-core-columns-is-layout-9d6595d7 wp-block-columns-is-layout-flex\">\n<div class=\"wp-block-column is-layout-flow wp-block-column-is-layout-flow\">\n<h2 class=\"wp-block-heading has-medium-font-size\">Scenene som avbildes strekker seg utenfor \u00f8yeblikket i tid, og utenfor rammene i maleriet.Selve rom-tiden t\u00f8yes og viser enkelte objekter i forskjellige tilstander samtidig, b\u00e5de i forhold til kronologisk tid og posisjon i rommet. Enkelte objekter er frav\u00e6rende, men eksisterer som en f\u00f8lge av interaksjon med andre objekter. <\/h2>\n\n\n\n<h2 class=\"wp-block-heading has-medium-font-size\">Figurer og objekter kan v\u00e6re plassert i tilsynelatende lite gunstige omr\u00e5der av flaten, n\u00e6r kanten av maleriet, delvis - eller til og med fullstendig - ute av syne. Objekter skjuler deler av scenen og hindrer betrakteren i \u00e5 f\u00e5 oversikt over situasjonen. Figurer i bildet har sin oppmerksomhet p\u00e5 noe utenfor maleriet, ute av syne for betrakteren.  <\/h2>\n<\/div>\n<\/div>\n<\/div><\/div>\n<\/div>\n<\/div>\n<\/div>\n<\/div>\n\n\n\n<div style=\"height:64px\" aria-hidden=\"true\" class=\"wp-block-spacer\"><\/div>\n\n\n\n<div class=\"wp-block-columns alignwide has-background is-layout-flex wp-container-core-columns-is-layout-9d6595d7 wp-block-columns-is-layout-flex\" style=\"background-color:#b5b5b5\">\n<div class=\"wp-block-column is-layout-flow wp-block-column-is-layout-flow\" style=\"flex-basis:36.87%\"><div class=\"wp-block-image\">\n<figure class=\"aligncenter size-large\"><img loading=\"lazy\" decoding=\"async\" width=\"1024\" height=\"782\" src=\"https:\/\/dramstad.art\/wp-content\/uploads\/2022\/05\/Dag-Arild-Dramstad-Brass-vs-Strings-0-1-detail-1327x1013-1-1024x782.jpg\" alt=\"Dag Arild Dramstad - Brass vs. strings 0-1 - detail\" class=\"wp-image-417\" srcset=\"https:\/\/dramstad.art\/wp-content\/uploads\/2022\/05\/Dag-Arild-Dramstad-Brass-vs-Strings-0-1-detail-1327x1013-1-1024x782.jpg 1024w, https:\/\/dramstad.art\/wp-content\/uploads\/2022\/05\/Dag-Arild-Dramstad-Brass-vs-Strings-0-1-detail-1327x1013-1-1200x916.jpg 1200w, https:\/\/dramstad.art\/wp-content\/uploads\/2022\/05\/Dag-Arild-Dramstad-Brass-vs-Strings-0-1-detail-1327x1013-1-300x229.jpg 300w, https:\/\/dramstad.art\/wp-content\/uploads\/2022\/05\/Dag-Arild-Dramstad-Brass-vs-Strings-0-1-detail-1327x1013-1-768x586.jpg 768w, https:\/\/dramstad.art\/wp-content\/uploads\/2022\/05\/Dag-Arild-Dramstad-Brass-vs-Strings-0-1-detail-1327x1013-1-1320x1008.jpg 1320w, https:\/\/dramstad.art\/wp-content\/uploads\/2022\/05\/Dag-Arild-Dramstad-Brass-vs-Strings-0-1-detail-1327x1013-1.jpg 1327w\" sizes=\"auto, (max-width: 1024px) 100vw, 1024px\" \/><\/figure>\n<\/div><\/div>\n\n\n\n<div class=\"wp-block-column is-vertically-aligned-center is-layout-flow wp-block-column-is-layout-flow\" style=\"flex-basis:70%\">\n<h2 class=\"wp-block-heading has-medium-font-size\">Aksjon\/reaksjon<\/h2>\n\n\n\n<div class=\"wp-block-columns is-layout-flex wp-container-core-columns-is-layout-9d6595d7 wp-block-columns-is-layout-flex\">\n<div class=\"wp-block-column is-layout-flow wp-block-column-is-layout-flow\" style=\"flex-basis:100%\">\n<div class=\"wp-block-group\"><div class=\"wp-block-group__inner-container is-layout-flow wp-block-group-is-layout-flow\">\n<div class=\"wp-block-columns is-layout-flex wp-container-core-columns-is-layout-9d6595d7 wp-block-columns-is-layout-flex\">\n<div class=\"wp-block-column is-layout-flow wp-block-column-is-layout-flow\">\n<h2 class=\"wp-block-heading has-medium-font-size\">Det er gjerne mindre hendelser og interaksjon i scenene som antyder at noe allerede har utspilt seg, som har f\u00f8rt til den avbildede situasjonen - eller det indikeres at noe er i ferd med \u00e5 inntreffe. Vi betrakter resultatet av en hendelse, eller vi observerer en situasjon i forkant av at noe skjer. Det vi ser avbildet er tilsynelatende bare en del av det st\u00f8rre blidet.<\/h2>\n<\/div>\n<\/div>\n<\/div><\/div>\n<\/div>\n<\/div>\n<\/div>\n<\/div>\n\n\n\n<div style=\"height:253px\" aria-hidden=\"true\" class=\"wp-block-spacer\"><\/div>\n\n\n\n<div id=\"wp-block-themeisle-blocks-advanced-columns-0c0714b3\" class=\"wp-block-themeisle-blocks-advanced-columns has-1-columns has-desktop-equal-layout has-tablet-equal-layout has-mobile-equal-layout has-vertical-unset\"><div class=\"wp-block-themeisle-blocks-advanced-columns-overlay\"><\/div><div class=\"innerblocks-wrap\">\n<div id=\"wp-block-themeisle-blocks-advanced-column-47d58a67\" class=\"wp-block-themeisle-blocks-advanced-column\"><\/div>\n<\/div><\/div>\n\n\n\n<p><\/p>","protected":false},"excerpt":{"rendered":"<p>DAG ARILD DRAMSTAD Oslo, Norway Dag Arild Dramstad (b. 1973) is an artist and entrepreneur living in Oslo, Norway. He is schooled in the principles of classic, figurative art, and a self-taught software and embedded electronics engineer. His artwork spans from small drawings on paper to large paintings on canvas and wood. tableaux The figures&hellip;&nbsp;<a href=\"https:\/\/dramstad.art\/nb\/about\/\" rel=\"bookmark\">Les mer &raquo;<span class=\"screen-reader-text\">Om kunstneren<\/span><\/a><\/p>","protected":false},"author":1,"featured_media":0,"parent":0,"menu_order":0,"comment_status":"closed","ping_status":"closed","template":"","meta":{"neve_meta_sidebar":"full-width","neve_meta_container":"","neve_meta_enable_content_width":"on","neve_meta_content_width":100,"neve_meta_title_alignment":"","neve_meta_author_avatar":"","neve_post_elements_order":"","neve_meta_disable_header":"off","neve_meta_disable_footer":"","neve_meta_disable_title":"on","_themeisle_gutenberg_block_has_review":false,"footnotes":""},"class_list":["post-281","page","type-page","status-publish","hentry"],"_links":{"self":[{"href":"https:\/\/dramstad.art\/nb\/wp-json\/wp\/v2\/pages\/281","targetHints":{"allow":["GET"]}}],"collection":[{"href":"https:\/\/dramstad.art\/nb\/wp-json\/wp\/v2\/pages"}],"about":[{"href":"https:\/\/dramstad.art\/nb\/wp-json\/wp\/v2\/types\/page"}],"author":[{"embeddable":true,"href":"https:\/\/dramstad.art\/nb\/wp-json\/wp\/v2\/users\/1"}],"replies":[{"embeddable":true,"href":"https:\/\/dramstad.art\/nb\/wp-json\/wp\/v2\/comments?post=281"}],"version-history":[{"count":28,"href":"https:\/\/dramstad.art\/nb\/wp-json\/wp\/v2\/pages\/281\/revisions"}],"predecessor-version":[{"id":1189,"href":"https:\/\/dramstad.art\/nb\/wp-json\/wp\/v2\/pages\/281\/revisions\/1189"}],"wp:attachment":[{"href":"https:\/\/dramstad.art\/nb\/wp-json\/wp\/v2\/media?parent=281"}],"curies":[{"name":"wp","href":"https:\/\/api.w.org\/{rel}","templated":true}]}}

<div style="height:64px" aria-hidden="true" class="wp-block-spacer"></div>



<div class="wp-block-media-text has-media-on-the-right is-stacked-on-mobile" style="grid-template-columns:auto 48%"><div class="wp-block-media-text__content">
<p style="font-size:35px">DAG ARILD DRAMSTAD</p>



<p class="has-text-align-center">Oslo, Norway</p>
</div><figure class="wp-block-media-text__media"><img loading="lazy" decoding="async" width="779" height="800" src="https://dramstad.art/wp-content/uploads/2024/11/Dag-Arild-Dramstad-e1731873285761.jpeg" alt="Dag Arild Dramstad - Drawing" class="wp-image-1185 size-full" srcset="https://dramstad.art/wp-content/uploads/2024/11/Dag-Arild-Dramstad-e1731873285761.jpeg 779w, https://dramstad.art/wp-content/uploads/2024/11/Dag-Arild-Dramstad-e1731873285761-292x300.jpeg 292w, https://dramstad.art/wp-content/uploads/2024/11/Dag-Arild-Dramstad-e1731873285761-768x789.jpeg 768w, https://dramstad.art/wp-content/uploads/2024/11/Dag-Arild-Dramstad-e1731873285761-12x12.jpeg 12w" sizes="auto, (max-width: 779px) 100vw, 779px" /></figure></div>



<div style="height:64px" aria-hidden="true" class="wp-block-spacer"></div>



<h2 class="wp-block-heading has-medium-font-size">Dag Arild Dramstad (f. 1973) er en kunstner og utvikler som bor og arbeider i Oslo. Han er skolert i klassisk, figurativ kunst, og er en selvlært utvikler innen programmering og elektronikk. Han arbeider med både mindre tegninger på papir og store malerier på lerret og treplater.</h2>



<div style="height:64px" aria-hidden="true" class="wp-block-spacer"></div>



<div class="wp-block-columns alignwide has-background is-layout-flex wp-container-core-columns-is-layout-9d6595d7 wp-block-columns-is-layout-flex" style="background-color:#b5b5b5">
<div class="wp-block-column is-layout-flow wp-block-column-is-layout-flow" style="flex-basis:36.87%"><div class="wp-block-image">
<figure class="aligncenter size-large"><img loading="lazy" decoding="async" width="1024" height="771" src="https://dramstad.art/wp-content/uploads/2022/05/Dag-Arild-Dramstad-Gardening-detail-1044x786-1-1024x771.jpg" alt="Dag Arild Dramstad - Gardening (detail)" class="wp-image-403" srcset="https://dramstad.art/wp-content/uploads/2022/05/Dag-Arild-Dramstad-Gardening-detail-1044x786-1-1024x771.jpg 1024w, https://dramstad.art/wp-content/uploads/2022/05/Dag-Arild-Dramstad-Gardening-detail-1044x786-1-600x452.jpg 600w, https://dramstad.art/wp-content/uploads/2022/05/Dag-Arild-Dramstad-Gardening-detail-1044x786-1-300x226.jpg 300w, https://dramstad.art/wp-content/uploads/2022/05/Dag-Arild-Dramstad-Gardening-detail-1044x786-1-768x578.jpg 768w, https://dramstad.art/wp-content/uploads/2022/05/Dag-Arild-Dramstad-Gardening-detail-1044x786-1.jpg 1044w" sizes="auto, (max-width: 1024px) 100vw, 1024px" /></figure>
</div></div>



<div class="wp-block-column is-vertically-aligned-center is-layout-flow wp-block-column-is-layout-flow" style="flex-basis:70%">
<h2 class="wp-block-heading has-medium-font-size">Tablå</h2>



<div class="wp-block-columns is-layout-flex wp-container-core-columns-is-layout-9d6595d7 wp-block-columns-is-layout-flex">
<div class="wp-block-column is-layout-flow wp-block-column-is-layout-flow" style="flex-basis:100%">
<div class="wp-block-group"><div class="wp-block-group__inner-container is-layout-flow wp-block-group-is-layout-flow">
<div class="wp-block-columns is-layout-flex wp-container-core-columns-is-layout-9d6595d7 wp-block-columns-is-layout-flex">
<div class="wp-block-column is-layout-flow wp-block-column-is-layout-flow">
<h2 class="wp-block-heading has-medium-font-size">Figurene og objektene i Dag Arild Dramstads verk fremstiller ofte - i allefall tilsynelatende - en tilstand av ro og balanse. Bildene viser gjerne dagligdagse situasjoner, med vage hentydninger til hva som kan være det essensielle i fremstillingen. Hans malerier antyder mulige - gjerne trivielle - hendelsesforløp, som kan gi betrakteren indikasjoner på hvilke elementer som gir best svar på hva scenen viser.  </h2>
</div>
</div>
</div></div>
</div>
</div>
</div>
</div>



<div style="height:101px" aria-hidden="true" class="wp-block-spacer"></div>



<blockquote class="wp-block-quote is-style-large has-medium-font-size is-layout-flow wp-block-quote-is-layout-flow">
<p><em> "Jeg ønsker at tilskueren skal oppleve maleriet som en betraktning inn i en delvis skjult historie. Som om man ser på et fotografi som tilfeldigvis har fanget deler av en situasjon, men som er tatt noen sekunder for tidlig eller for sent til å tydeliggjøre hva som foregår. Den umiddelbare forståelsen av scenen kan utfordres når tilskueren tar inn det kontekstuelle i det som er utelatt, skjult, eller antydet."</em>  </p>
<cite>Dag Arild Dramstad</cite></blockquote>



<div style="height:64px" aria-hidden="true" class="wp-block-spacer"></div>



<div class="wp-block-columns alignwide has-background is-layout-flex wp-container-core-columns-is-layout-9d6595d7 wp-block-columns-is-layout-flex" style="background-color:#b5b5b5">
<div class="wp-block-column is-layout-flow wp-block-column-is-layout-flow" style="flex-basis:36.87%"><div class="wp-block-image">
<figure class="aligncenter size-large"><img loading="lazy" decoding="async" width="695" height="1024" src="https://dramstad.art/wp-content/uploads/2022/05/Dag-Arild-Dramstad-The-garden-framing-the-pool-diver-in-red-shorts-detail-700x1032-1-695x1024.jpg" alt="" class="wp-image-400" srcset="https://dramstad.art/wp-content/uploads/2022/05/Dag-Arild-Dramstad-The-garden-framing-the-pool-diver-in-red-shorts-detail-700x1032-1-695x1024.jpg 695w, https://dramstad.art/wp-content/uploads/2022/05/Dag-Arild-Dramstad-The-garden-framing-the-pool-diver-in-red-shorts-detail-700x1032-1-600x885.jpg 600w, https://dramstad.art/wp-content/uploads/2022/05/Dag-Arild-Dramstad-The-garden-framing-the-pool-diver-in-red-shorts-detail-700x1032-1-203x300.jpg 203w, https://dramstad.art/wp-content/uploads/2022/05/Dag-Arild-Dramstad-The-garden-framing-the-pool-diver-in-red-shorts-detail-700x1032-1.jpg 700w" sizes="auto, (max-width: 695px) 100vw, 695px" /></figure>
</div></div>



<div class="wp-block-column is-vertically-aligned-center is-layout-flow wp-block-column-is-layout-flow" style="flex-basis:70%">
<h2 class="wp-block-heading has-medium-font-size">Tid-rom</h2>



<div class="wp-block-columns is-layout-flex wp-container-core-columns-is-layout-9d6595d7 wp-block-columns-is-layout-flex">
<div class="wp-block-column is-layout-flow wp-block-column-is-layout-flow" style="flex-basis:100%">
<div class="wp-block-group"><div class="wp-block-group__inner-container is-layout-flow wp-block-group-is-layout-flow">
<div class="wp-block-columns is-layout-flex wp-container-core-columns-is-layout-9d6595d7 wp-block-columns-is-layout-flex">
<div class="wp-block-column is-layout-flow wp-block-column-is-layout-flow">
<h2 class="wp-block-heading has-medium-font-size">Scenene som avbildes strekker seg utenfor øyeblikket i tid, og utenfor rammene i maleriet.Selve rom-tiden tøyes og viser enkelte objekter i forskjellige tilstander samtidig, både i forhold til kronologisk tid og posisjon i rommet. Enkelte objekter er fraværende, men eksisterer som en følge av interaksjon med andre objekter. </h2>



<h2 class="wp-block-heading has-medium-font-size">Figurer og objekter kan være plassert i tilsynelatende lite gunstige områder av flaten, nær kanten av maleriet, delvis - eller til og med fullstendig - ute av syne. Objekter skjuler deler av scenen og hindrer betrakteren i å få oversikt over situasjonen. Figurer i bildet har sin oppmerksomhet på noe utenfor maleriet, ute av syne for betrakteren.  </h2>
</div>
</div>
</div></div>
</div>
</div>
</div>
</div>



<div style="height:64px" aria-hidden="true" class="wp-block-spacer"></div>



<div class="wp-block-columns alignwide has-background is-layout-flex wp-container-core-columns-is-layout-9d6595d7 wp-block-columns-is-layout-flex" style="background-color:#b5b5b5">
<div class="wp-block-column is-layout-flow wp-block-column-is-layout-flow" style="flex-basis:36.87%"><div class="wp-block-image">
<figure class="aligncenter size-large"><img loading="lazy" decoding="async" width="1024" height="782" src="https://dramstad.art/wp-content/uploads/2022/05/Dag-Arild-Dramstad-Brass-vs-Strings-0-1-detail-1327x1013-1-1024x782.jpg" alt="Dag Arild Dramstad - Brass vs. strings 0-1 - detail" class="wp-image-417" srcset="https://dramstad.art/wp-content/uploads/2022/05/Dag-Arild-Dramstad-Brass-vs-Strings-0-1-detail-1327x1013-1-1024x782.jpg 1024w, https://dramstad.art/wp-content/uploads/2022/05/Dag-Arild-Dramstad-Brass-vs-Strings-0-1-detail-1327x1013-1-1200x916.jpg 1200w, https://dramstad.art/wp-content/uploads/2022/05/Dag-Arild-Dramstad-Brass-vs-Strings-0-1-detail-1327x1013-1-300x229.jpg 300w, https://dramstad.art/wp-content/uploads/2022/05/Dag-Arild-Dramstad-Brass-vs-Strings-0-1-detail-1327x1013-1-768x586.jpg 768w, https://dramstad.art/wp-content/uploads/2022/05/Dag-Arild-Dramstad-Brass-vs-Strings-0-1-detail-1327x1013-1-1320x1008.jpg 1320w, https://dramstad.art/wp-content/uploads/2022/05/Dag-Arild-Dramstad-Brass-vs-Strings-0-1-detail-1327x1013-1.jpg 1327w" sizes="auto, (max-width: 1024px) 100vw, 1024px" /></figure>
</div></div>



<div class="wp-block-column is-vertically-aligned-center is-layout-flow wp-block-column-is-layout-flow" style="flex-basis:70%">
<h2 class="wp-block-heading has-medium-font-size">Aksjon/reaksjon</h2>



<div class="wp-block-columns is-layout-flex wp-container-core-columns-is-layout-9d6595d7 wp-block-columns-is-layout-flex">
<div class="wp-block-column is-layout-flow wp-block-column-is-layout-flow" style="flex-basis:100%">
<div class="wp-block-group"><div class="wp-block-group__inner-container is-layout-flow wp-block-group-is-layout-flow">
<div class="wp-block-columns is-layout-flex wp-container-core-columns-is-layout-9d6595d7 wp-block-columns-is-layout-flex">
<div class="wp-block-column is-layout-flow wp-block-column-is-layout-flow">
<h2 class="wp-block-heading has-medium-font-size">Det er gjerne mindre hendelser og interaksjon i scenene som antyder at noe allerede har utspilt seg, som har ført til den avbildede situasjonen - eller det indikeres at noe er i ferd med å inntreffe. Vi betrakter resultatet av en hendelse, eller vi observerer en situasjon i forkant av at noe skjer. Det vi ser avbildet er tilsynelatende bare en del av det større blidet.</h2>
</div>
</div>
</div></div>
</div>
</div>
</div>
</div>



<div style="height:253px" aria-hidden="true" class="wp-block-spacer"></div>



<div id="wp-block-themeisle-blocks-advanced-columns-0c0714b3" class="wp-block-themeisle-blocks-advanced-columns has-1-columns has-desktop-equal-layout has-tablet-equal-layout has-mobile-equal-layout has-vertical-unset"><div class="wp-block-themeisle-blocks-advanced-columns-overlay"></div><div class="innerblocks-wrap">
<div id="wp-block-themeisle-blocks-advanced-column-47d58a67" class="wp-block-themeisle-blocks-advanced-column"></div>
</div></div>



<p></p>
